ctors of 8451?
3, 313
List the prime factors of 6848.
2, 107
What are the prime factors of 3980?
2, 5, 199
List the prime factors of 3254.
2, 1627
What are the prime factors of 74919?
3, 13, 17, 113
List the prime factors of 7393.
7393
What are the prime factors of 16199?
97, 167
List the prime factors of 55722.
2, 3, 37, 251
List the prime factors of 2014.
2, 19, 53
What are the prime factors of 21533?
61, 353
List the prime factors of 545.
5, 109
What are the prime factors of 3281?
17, 193
What are the prime factors of 42255?
3, 5, 313
What are the prime factors of 2118?
2, 3, 353
List the prime factors of 261.
3, 29
List the prime factors of 21812.
2, 7, 19, 41
What are the prime factors of 31705?
5, 17, 373
List the prime factors of 18419.
113, 163
What are the prime factors of 1593?
3, 59
What are the prime factors of 14469?
3, 7, 13, 53
List the prime factors of 962.
2, 13, 37
List the prime factors of 5139.
3, 571
List the prime factors of 1378.
2, 13, 53
List the prime factors of 17465.
5, 7, 499
What are the prime factors of 6884?
2, 1721
List the prime factors of 23269.
23269
What are the prime factors of 171835?
5, 34367
What are the prime factors of 443?
443
List the prime factors of 7865.
5, 11, 13
List the prime factors of 6117.
3, 2039
List the prime factors of 4729.
4729
List the prime factors of 1885.
5, 13, 29
List the prime factors of 154699.
154699
List the prime factors of 580.
2, 5, 29
List the prime factors of 109298.
2, 7, 37, 211
List the prime factors of 2277.
3, 11, 23
List the prime factors of 48663.
3, 5407
List the prime factors of 542.
2, 271
List the prime factors of 2047.
23, 89
List the prime factors of 30375.
3, 5
List the prime factors of 1271.
31, 41
What are the prime factors of 3879?
3, 431
List the prime factors of 1959.
3, 653
What are the prime factors of 2115?
3, 5, 47
What are the prime factors of 65058?
2, 3, 7, 1549
List the prime factors of 7398.
2, 3, 137
What are the prime factors of 2490?
2, 3, 5, 83
List the prime factors of 27553.
59, 467
List the prime factors of 5130.
2, 3, 5, 19
List the prime factors of 45688.
2, 5711
What are the prime factors of 16729?
16729
List the prime factors of 14779.
14779
What are the prime factors of 881?
881
What are the prime factors of 13981?
11, 31, 41
What are the prime factors of 8333?
13, 641
List the prime factors of 14088.
2, 3, 587
What are the prime factors of 4465?
5, 19, 47
List the prime factors of 6559.
7, 937
What are the prime factors of 7553?
7, 13, 83
List the prime factors of 36744.
2, 3, 1531
What are the prime factors of 517?
11, 47
List the prime factors of 13207.
47, 281
What are the prime factors of 34122?
2, 3, 11, 47
What are the prime factors of 14813?
14813
What are the prime factors of 4365?
3, 5, 97
What are the prime factors of 80?
2, 5
What are the prime factors of 112198?
2, 56099
List the prime factors of 44148.
2, 3, 13, 283
List the prime factors of 626.
2, 313
List the prime factors of 2841.
3, 947
List the prime factors of 12508.
2, 53, 59
What are the prime factors of 24311?
7, 23, 151
What are the prime factors of 38905?
5, 31, 251
What are the prime factors of 7039?
7039
List the prime factors of 3467.
3467
List the prime factors of 828.
2, 3, 23
What are the prime factors of 12889?
12889
What are the prime factors of 3831?
3, 1277
What are the prime factors of 1584?
2, 3, 11
What are the prime factors of 3708?
2, 3, 103
What are the prime factors of 1052?
2, 263
List the prime factors of 87631.
87631
What are the prime factors of 40815?
3, 5, 907
List the prime factors of 707.
7, 101
List the prime factors of 2143.
2143
What are the prime factors of 3378?
2, 3, 563
What are the prime factors of 16606?
2, 19, 23
What are the prime factors of 25055?
5, 5011
List the prime factors of 4504.
2, 563
What are the prime factors of 3267?
3, 11
List the prime factors of 11484.
2, 3, 11, 29
List the prime factors of 62113.
179, 347
What are the prime factors of 22693?
11, 2063
What are the prime factors of 112448?
2, 7, 251
What are the prime factors of 8883?
3, 7, 47
List the prime factors of 4468.
2, 1117
What are the prime factors of 48462?
2, 3, 41, 197
What are the prime factors of 11064?
2, 3, 461
What are the prime factors of 368?
2, 23
List the prime factors of 1219.
23, 53
List the prime factors of 15609.
3, 11, 43
List the prime factors of 554.
2, 277
What are the prime factors of 15595?
5, 3119
What are the prime factors of 26321?
26321
What are the prime factors of 19255?
5, 3851
What are the prime factors of 93829?
101, 929
List the prime factors of 64154.
2, 32077
List the prime factors of 6679.
6679
List the prime factors of 2342.
2, 1171
What are the prime factors of 4694?
2, 2347
What are the prime factors of 537?
3, 179
List the prime factors of 55871.
55871
What are the prime factors of 1513?
17, 89
What are the prime factors of 45725?
5, 31, 59
List the prime factors of 582.
2, 3, 97
List the prime factors of 4628.
2, 13, 89
List the prime factors of 1284.
2, 3, 107
What are the prime factors of 1949?
1949
What are the prime factors of 79?
79
What are the prime factors of 440?
2, 5, 11
What are the prime factors of 59?
59
What are the prime factors of 12440?
2, 5, 311
List the prime factors of 1798.
2, 29, 31
List the prime factors of 1305.
3, 5, 29
List the prime factors of 30388.
2, 71, 107
List the prime factors of 25824.
2, 3, 269
What are the prime factors of 5480?
2, 5, 137
List the prime factors of 4070.
2, 5, 11, 37
What are the prime factors of 632?
2, 79
What are the prime factors of 11135?
5, 17, 131
List the prime factors of 96629.
13, 7433
What are the prime factors of 1610?
2, 5, 7, 23
What are the prime factors of 4469?
41, 109
List the prime factors of 5341.
7, 109
List the prime factors of 6152.
2, 769
What are the prime factors of 853?
853
What are the prime factors of 2013?
3, 11, 61
What are the prime factors of 1490?
2, 5, 149
What are the prime factors of 1420?
2, 5, 71
What are the prime factors of 14813?
14813
What are the prime factors of 125008?
2, 13, 601
List the prime factors of 857.
857
List the prime factors of 3161.
29, 109
What are the prime factors of 2604?
2, 3, 7, 31
What are the prime factors of 19867?
19867
What are the prime factors of 27024?
2, 3, 563
What are the prime factors of 5603?
13, 431
What are the prime factors of 92154?
2, 3, 15359
What are the prime factors of 4195?
5, 839
What are the prime factors of 5215?
5, 7, 149
What are the prime factors of 2077?
31, 67
List the prime factors of 1059.
3, 353
List the prime factors of 26086.
2, 13043
What are the prime factors of 337?
337
List the prime factors of 19193.
17, 1129
List the prime factors of 15439.
15439
List the prime factors of 2050.
2, 5, 41
List the prime factors of 16223.
16223
List the prime factors of 3490.
2, 5, 349
List the prime factors of 2760.
2, 3, 5, 23
What are the prime factors of 15698?
2, 47, 167
What are the prime factors of 57734?
2, 28867
List the prime factors of 5345.
5, 1069
What are the prime factors of 3790?
2, 5, 379
What are the prime factors of 40027?
13, 3079
What are the prime factors of 1958?
2, 11, 89
List the prime factors of 2781.
3, 103
List the prime factors of 10441.
53, 197
List the prime factors of 4692.
2, 3, 17, 23
List the prime factors of 7805.
5, 7, 223
List the prime factors of 2059.
29, 71
List the prime factors of 21360.
2, 3, 5, 89
What are the prime factors of 1139?
17, 67
What are the prime factors of 30130?
2, 5, 23, 131
List the prime factors of 21131.
11, 17, 113
List the prime factors of 33324.
2, 3, 2777
List the prime factors of 292.
2, 73
List the prime factors of 2603.
19, 137
What are the prime factors of 101296?
2, 13, 487
List the prime factors of 18639.
3, 19, 109
List the prime factors of 17032.
2, 2129
What are the prime factors of 13089?
3, 4363
List the prime factors of 931.
7, 19
List the prime factors of 4011.
3, 7, 191
List the prime factors of 2596.
2, 11, 59
List the prime factors of 5593.
7, 17, 47
What are the prime factors of 4880?
2, 5, 61
What are the prime factors of 4311?
3, 479
List the prime factors of 19887.
3, 7, 947
List the prime factors of 1132.
2, 283
What are the prime factors of 51694?
2, 25847
List the prime fact